prime factors of b?
2, 7
Suppose -2*s - q + 6399 = 0, 4*s = 2*s - 4*q + 6390. List the prime factors of s.
3, 11, 97
Let z = -108 + 247. List the prime factors of z.
139
Let v be 18/4*(-32)/(-24). Let i = 19 - v. What are the prime factors of i?
13
What are the prime factors of 163 - 2 - 3 - (1 - -4)?
3, 17
Let l(f) = -45*f + 84. Let q(u) = 15*u - 28. Let r(h) = -3*l(h) - 8*q(h). List the prime factors of r(7).
7, 11
Let z(r) = r**2 + 2*r + 1. Let a be z(4). What are the prime factors of -2 + 2 + (a - 1)?
2, 3
Let y(a) = 5*a**2 - a + 2. Let f be y(1). What are the prime factors of (4 + -12)*(-4*f)/3?
2
Let j = 7114 + -4278. What are the prime factors of j?
2, 709
Let l(r) be the third derivative of 0*r + 1/15*r**5 + 0*r**4 - 11*r**2 - 1/120*r**6 - 7/6*r**3 + 0. List the prime factors of l(3).
2
Let a(c) = 6*c + 47. Let l(w) = 17*w + 140. Let f(i) = -8*a(i) + 3*l(i). What are the prime factors of f(15)?
89
Suppose 284160 = 51*d + 45*d. What are the prime factors of d?
2, 5, 37
Suppose -725 = -3*b + 2080. List the prime factors of b.
5, 11, 17
Let v(n) = -4*n + 8. Let w be v(-7). Let p = 73 - w. List the prime factors of p.
37
Let v = -1617 + 3962. List the prime factors of v.
5, 7, 67
Let v = 3173 + -933. List the prime factors of v.
2, 5, 7
Suppose 0*w + 2*w = 3*c + 29, 37 = 4*w + c. What are the prime factors of 15/w*74 + -1?
2, 5, 11
Suppose 0 = -4*a - 2*v + 3324, 0 = -2*v - 0*v - 8. What are the prime factors of a?
7, 17
Suppose -2*n = 2*n + 84. Let b = 21 + n. List the prime factors of (b - -1)*4 + 3.
7
Suppose y - 1231 - 259 = 0. What are the prime factors of y?
2, 5, 149
Suppose 2*m - 625 - 1276 = -3*k, 2823 = 3*m - 5*k. List the prime factors of m.
2, 11, 43
Let c(p) = 3*p + 31. Let n be c(-9). Suppose -5*t + 416 = 4*v, 125 = n*v - 3*t - 259. List the prime factors of v.
3, 11
Suppose 2*q - 5 = -31. Let t = q - -14. List the prime factors of t/(0 + 2/20).
2, 5
Let j be (4/(-8))/(2/(-4)). Let w be -10*(-2 - -2 - j). Suppose 70 = w*z - 5*z. List the prime factors of z.
2, 7
Suppose 342 = -7*k - 246. Let h = 8 - k. What are the prime factors of h?
2, 23
Let r = 271 - -766. List the prime factors of r.
17, 61
Suppose -4*g - 2*u = 2*u - 172, -3*u = 4*g - 172. Suppose q - g = -f, -q + 0*f + 3*f + 55 = 0. What are the prime factors of q?
2, 23
Suppose 7*h + 19*h = 18694. What are the prime factors of h?
719
Suppose n + 3*x - 2*x = -2, 4*x = -12. Suppose -3 = -h + n. Suppose -h*z + 55 = 7. What are the prime factors of z?
2, 3
Let y(v) = 5*v**2 - 45*v - 137. List the prime factors of y(-15).
1663
Let c = -4422 - -7828. Suppose 8965 - c = 17*m. What are the prime factors of m?
3, 109
Let w(c) be the third derivative of -c**4/8 + c**3/2 + 4*c**2. Let q be w(-2). Suppose -q - 6 = -r. What are the prime factors of r?
3, 5
Suppose 0 = 21*f - 26*f + 15. Suppose -2*t = -3*t - 3*n, 24 = f*t - 3*n. What are the prime factors of t?
2, 3
Suppose 2*m = 4*m + 6. Let n be 3/(m + (-112)/(-38)). What are the prime factors of n/2*(-16)/24?
19
Suppose -26 = -4*m - 194. What are the prime factors of (-673)/(-6) + (-203)/m + -5?
2, 7
Suppose 36 = g - 8. List the prime factors of (-8)/(1 + -3) + g.
2, 3
Let j = 2538 - 709. What are the prime factors of j?
31, 59
Let a = -6440 + 10075. What are the prime factors of a?
5, 727
Let h = 97 + 74. List the prime factors of h.
3, 19
Suppose 0*y - z = 3*y - 877, -4*y - z + 1171 = 0. What are the prime factors of y?
2, 3, 7
Let k = -3336 - -4915. What are the prime factors of k?
1579
Suppose -5 = 2*u - 13. Let b(s) = 19*s - 9. List the prime factors of b(u).
67
List the prime factors of (18/(-63) - 60/(-14)) + 716.
2, 3, 5
Let h(i) = -i**3 + 12*i**2 + 13*i + 12. Let p be h(13). Let v be (12/(-8))/(p/(-16)). Suppose 2*o - v = 0, -4*o + 332 = 4*f + 128. List the prime factors of f.
2, 5
Let x be (-27)/2*(-22)/33. Suppose x = -j + 32. What are the prime factors of j?
23
Suppose 3*j + 2*q - 4157 = 0, -5552 = -4*j + 10*q - 8*q. What are the prime factors of j?
19, 73
What are the prime factors of (-51)/(-3 - (-108)/40)?
2, 5, 17
Suppose 0 = -4*i + 8. Let n be 8 + 1 - (i - 1). Suppose 5*q + 54 = n*q. What are the prime factors of q?
2, 3
Let q(x) = 7*x - 2. Let f be q(-2). Let h = f - -26. Suppose -2 = -l + h. What are the prime factors of l?
2, 3
Suppose 3*i - g = 9442, -3*i + 46*g + 9443 = 44*g. What are the prime factors of i?
3, 1049
Let m(d) = d**3 - 22*d**2 - 71*d + 22. List the prime factors of m(25).
2, 61
Let i = 460 - -37. Suppose 0 = 12*y + i - 3161. What are the prime factors of y?
2, 3, 37
Suppose 176*p + 5197 = 177*p. List the prime factors of p.
5197
Let p be (5/5 - 2) + 3. Suppose -12 = 2*y - p. Let j = 20 + y. What are the prime factors of j?
3, 5
Let u be 12 + (4 + -3 - 3). Let j = 8 + u. Suppose -4*o = -j - 94. What are the prime factors of o?
2, 7
Suppose -4*u - 92 = -2816. List the prime factors of u.
3, 227
Let t = 389 - 269. Let n = 1011 + -954. Let y = t - n. What are the prime factors of y?
3, 7
List the prime factors of 3 + 50827/63 - 6/(-27).
2, 3, 5
Let h be 3 - 2 - (0 + -3). Suppose 2*v - o = 16, h*o - 8 = -0*v - v. What are the prime factors of v?
2
Suppose -2*z + 7 = -3. Suppose -z*o + 155 = 55. Suppose 4*g + 125 = 5*k, -3*g - g = -o. List the prime factors of k.
29
Let k(m) be the first derivative of m**3/3 + 11*m**2/2 + 2*m + 6. Let r be k(-11). Suppose r*c + 8 = 0, -4*g + 38 = g - 2*c. List the prime factors of g.
2, 3
Let h be -90 + (14/(-8) - (-2)/(-8)). Let j = h - -182. List the prime factors of j.
2, 3, 5
List the prime factors of 2/(-8)*11*4*-53.
11, 53
Let i = 96 + 141. What are the prime factors of i?
3, 79
Suppose 5*a + u = 5208, -u - 2*u - 4174 = -4*a. Let p = a - 725. What are the prime factors of p?
317
Let b(l) = 1320*l**2 + 7*l - 1. What are the prime factors of b(-1)?
2, 41
Let u(b) = -b**3 + 15*b**2 - 3*b - 23. List the prime factors of u(12).
373
Let m(y) = -y**2 - 56*y - 81. What are the prime factors of m(-38)?
3, 67
Let b = -4344 - -6701. List the prime factors of b.
2357
Let u(i) = -4*i. Let j be u(-5). Let m = -22 + j. What are the prime factors of (-2)/m + -4 - -21?
2, 3
Suppose 8 = 3*y + 2. Suppose -y*d + 64 = -0*d + 4*h, d - 62 = 4*h. List the prime factors of d.
2, 3, 7
Let y(s) = -s**2 + 5*s + 2. Let l be y(5). Suppose v = 3*i + 3*v, -5*i - 16 = -l*v. What are the prime factors of (20/(-8) - i)*-62?
31
Let a = 4 - -1. Let s = a + -2. Suppose -s*d = -61 - 26. List the prime factors of d.
29
Suppose 0 = -10*r + 6*r. Suppose -3*h = -2*k - 112, k - 3*k + 2 = r. List the prime factors of h.
2, 19
Let w(b) = 71*b**3 + 2*b - 1. What are the prime factors of w(1)?
2, 3
Suppose 5*r - 8168 = -3*m + 1697, -r + 3*m + 1973 = 0. What are the prime factors of r?
1973
What are the prime factors of (-58740)/198*(-36)/10?
2, 3, 89
Suppose -5*f + 5910 = -2*j + 869, -2*j - 2014 = -2*f. List the prime factors of f.
1009
Let f = 125 + 30. Suppose 5*u = -5*p + f, -4*p + p + 4*u + 58 = 0. What are the prime factors of p?
2, 13
Let p be 1/((-10)/(-32) + 11/(-44)). Let v = -2 + p. List the prime factors of v.
2, 7
Let s(r) = r**2 - 3. Let v be s(-3). Suppose -b - 20 = -v*b - 4*k, -k = -3*b - 5. Suppose 3*h + 9 - 30 = b. What are the prime factors of h?
7
Let t(p) = 2*p**2 + 3*p - 3. Let y(i) = i**2 + 3*i - 2. Let f(z) = 2*t(z) - 3*y(z). What are the prime factors of f(-12)?
2, 3, 5
Let w(z) = 14 + 1 - 7 + z + 80*z**3 - 3*z**2 - 7. Let x be w(1). Suppose -2*i = 2*a - 33 - x, 4*i = 12. List the prime factors of a.
53
Suppose 4*n - 14 - 14 = 0. Let u be (-2)/n*(-4 + -3). Suppose 5*v = -u*t - 2, 4*v = -4*t + 5*t - 12. List the prime factors of t.
2
Let l(h) = 2*h - 12. Let a be l(-11). Let g = a - -123. What are the prime factors of g?
89
Let s be ((-11)/(-3))/((-14)/(-42)). Suppose s + 444 = 5*h. What are the prime factors of h?
7, 13
Let d = -4 - 2. Let v = -6 - d. Suppose -89 = -2*b - 5*w, v = -4*b - 3*w + 141 + 30. What are the prime factors of b?
2, 3, 7
Suppose -11*i = -15*i + 8. Suppose i*s = 4*j + 2, 3*s + j - 30 + 6 = 0. List the prime factors of s.
7
Suppose u = -y + 39, 0*y + 27 = u - 2*y. Suppose -61 = -3*t + u. Suppose -t - 12 = -4*w. List the prime factors of w.
11
Let o be ((-2)/(-3))/((-3)/(-18)). Suppose 0 = -o*q - 20 - 0. What are the prime factors of (-72)/q*(4 - -1)?
2, 3
Let